{"id":156,"date":"2026-02-11T09:34:45","date_gmt":"2026-02-11T14:34:45","guid":{"rendered":"https:\/\/www.fundacionsantorey.org\/?page_id=156"},"modified":"2026-02-11T13:56:24","modified_gmt":"2026-02-11T18:56:24","slug":"mision-y-vision","status":"publish","type":"page","link":"https:\/\/www.fundacionsantorey.org\/?page_id=156","title":{"rendered":"Misi\u00f3n y Visi\u00f3n"},"content":{"rendered":"<div id=\"pl-gb156-69e6323e24b82\"  class=\"panel-layout\" ><div id=\"pg-gb156-69e6323e24b82-0\"  class=\"panel-grid panel-no-style\" ><div id=\"pgc-gb156-69e6323e24b82-0-0\"  class=\"panel-grid-cell\" ><div id=\"panel-gb156-69e6323e24b82-0-0-0\" class=\"so-panel widget widget_sow-editor panel-first-child panel-last-child\" data-index=\"0\" ><div\n\t\t\t\n\t\t\tclass=\"so-widget-sow-editor so-widget-sow-editor-base\"\n\t\t\t\n\t\t><h3 class=\"widget-title\">Misi\u00f3n y Visi\u00f3n<\/h3>\n<div class=\"siteorigin-widget-tinymce textwidget\">\n\t<h1 style=\"text-align: center;\"><strong>MISI\u00d3N<\/strong><\/h1>\n<h5 style=\"text-align: center;\">La Fundaci\u00f3n Santo Rey desarrolla programas educativos, formativos y sociales, con el \u00e1nimo de participar en la defensa y el fortalecimiento de los valores \u00e9ticos y morales, que permitan al ser humano, mantener vivos sus sue\u00f1os y esperanzas, como instrumento de cambio y transformaci\u00f3n social.<\/h5>\n<p>&nbsp;<\/p>\n<h1 style=\"text-align: center;\"><strong>VISI\u00d3N<\/strong><\/h1>\n<h5 style=\"text-align: center;\">Para el a\u00f1o 2.025, seremos una entidad sin \u00e1nimo de lucro consolidada, reconocida en el contexto regional como gestora de servicios y de formaci\u00f3n integral a la infancia, la adolescencia, la juventud, la familia y al desarrollo social de la comunidad, con \u00e9nfasis en la difusi\u00f3n de los valores \u00e9ticos, morales, a trav\u00e9s de un esp\u00edritu solidario y de equidad,\u00a0 desarrollando en la persona la dignidad humana y el mejoramiento de su calidad de vida.<\/h5>\n<\/div>\n<\/div><\/div><\/div><\/div><\/div>","protected":false},"excerpt":{"rendered":"<p>MISI\u00d3N La Fundaci\u00f3n Santo Rey desarrolla programas educativos, formativos y sociales, con el \u00e1nimo de participar en la defensa y el fortalecimiento de los valores \u00e9ticos y morales, que permitan al ser humano, mantener vivos sus sue\u00f1os y esperanzas, como instrumento de cambio y transformaci\u00f3n social. &nbsp; VISI\u00d3N Para el a\u00f1o 2.025, seremos una entidad [&hellip;]<\/p>\n","protected":false},"author":1,"featured_media":0,"parent":0,"menu_order":0,"comment_status":"closed","ping_status":"closed","template":"","meta":{"footnotes":""},"class_list":["post-156","page","type-page","status-publish","hentry","post"],"_links":{"self":[{"href":"https:\/\/www.fundacionsantorey.org\/index.php?rest_route=\/wp\/v2\/pages\/156","targetHints":{"allow":["GET"]}}],"collection":[{"href":"https:\/\/www.fundacionsantorey.org\/index.php?rest_route=\/wp\/v2\/pages"}],"about":[{"href":"https:\/\/www.fundacionsantorey.org\/index.php?rest_route=\/wp\/v2\/types\/page"}],"author":[{"embeddable":true,"href":"https:\/\/www.fundacionsantorey.org\/index.php?rest_route=\/wp\/v2\/users\/1"}],"replies":[{"embeddable":true,"href":"https:\/\/www.fundacionsantorey.org\/index.php?rest_route=%2Fwp%2Fv2%2Fcomments&post=156"}],"version-history":[{"count":10,"href":"https:\/\/www.fundacionsantorey.org\/index.php?rest_route=\/wp\/v2\/pages\/156\/revisions"}],"predecessor-version":[{"id":278,"href":"https:\/\/www.fundacionsantorey.org\/index.php?rest_route=\/wp\/v2\/pages\/156\/revisions\/278"}],"wp:attachment":[{"href":"https:\/\/www.fundacionsantorey.org\/index.php?rest_route=%2Fwp%2Fv2%2Fmedia&parent=156"}],"curies":[{"name":"wp","href":"https:\/\/api.w.org\/{rel}","templated":true}]}}